h**2 - 8 + 0*h**2 - 8*h**2. Let z be n(-6). Let p = z - -71. Is p prime?
False
Suppose -4*s + 276 = 2*r, 0*r + r - 4*s - 156 = 0. Let x be (-32)/r + 2/9. Suppose 5*w + 3*d - 1243 - 1947 = x, 4*d + 1885 = 3*w. Is w composite?
True
Let y(g) = 1836*g + 211. Is y(27) composite?
False
Suppose 4*u - 3*u + 2*h + 733 = 0, -u - 4*h - 743 = 0. Let r = u + 1343. Suppose 3*l + l = r. Is l prime?
False
Let j be 3/4 - (-20)/16. Let n be (-20)/(-12) + j/6. Is (1 - -126)*n/2 a composite number?
False
Suppose z - 5*u - 2 = 0, -u = -0*z + z + 22. Let r be (-10)/(-45) + (-5630)/z. Suppose 4*s = -5*j + 632, -5*j + r = 3*s - 156. Is s a prime number?
True
Let g(q) = 662*q + 165. Is g(24) a composite number?
True
Let j(w) = -w**3 - 5*w**2 - 7*w + 2. Let l be j(-4). Suppose -4*g = -490 + l. Is g composite?
True
Let k(l) = l**2 - l + 1. Let h(a) = -2*a**2 - 3*a - 15. Let q(g) = -h(g) - k(g). Let u = -22 - -29. Is q(u) a composite number?
True
Let w(h) = 4 + 1 + 274*h + 6 - 5. Let x be w(2). Suppose z + 50 - x = -2*m, 0 = -4*z + 8. Is m a prime number?
True
Let x = -57 + 53. Let g(u) = -178*u - 21. Is g(x) a prime number?
True
Let d = -13 + 10. Is -1 - d/(-1) - 2151/(-3) prime?
False
Suppose -l + 2*t = 4, l - 8 = -2*t - 0*t. Suppose 9 - 229 = -l*b. Let c = b + -73. Is c composite?
False
Let q(s) = -s + 12. Let w be q(9). Let a(y) = -5 - 3*y**3 + 13*y**2 + w*y**3 - 10*y - y**3. Is a(8) prime?
False
Suppose 161 = 14*z + 21. Let u(x) = -48*x**2 - 7*x - 7. Let q be u(-5). Is 15/z*q/(-6) a prime number?
True
Let r(h) = 39*h - 6. Let n be r(5). Suppose 0 = -5*d + f + 2223, -5*f + n = 5*d - 2046. Suppose -d = -4*a + 3*a. Is a prime?
False
Let m = 484 + -43. Suppose -r + 501 + m = 5*c, -4*r - 2*c = -3858. Is r prime?
True
Let c be (-1)/(-5) + 964/5. Suppose 239 = 5*z + 2*o, c = -2*z + 6*z + o. Is z a composite number?
True
Let q(t) = 2*t - 17. Let p be q(9). Is 496/p + (0 - -2 - -1) a composite number?
False
Suppose 15*s - 498 = 13*s. Is s a composite number?
True
Let j(z) = -70*z + 195. Is j(-7) prime?
False
Suppose 3*f - 11 = 1. Let m(a) = -a + 4. Let u be m(f). Suppose u = 2*p - 7*p + 6805. Is p prime?
True
Is ((-1087)/2)/(10/(-1060)) a prime number?
False
Let v(s) be the second derivative of -s**5/20 + 5*s**4/12 + s**3/3 + 3*s**2/2 + 98*s - 2. Suppose 5*f = -11 - 9. Is v(f) prime?
True
Let q(c) be the first derivative of 4*c**3/3 - c**2 + c + 2. Let p be q(1). Suppose 0 = 3*z + 2*t - 679, -2*z = 2*z + p*t - 907. Is z composite?
False
Suppose -b + 5*b = 2656. Is 2/(-6) - (-7)/(21/b) composite?
True
Let y(u) = u**3 - 29*u**2 - 102*u + 13. Is y(35) composite?
False
Let w(f) = 46*f - 11. Let p = -14 + 19. Suppose -30 = -10*r + p*r. Is w(r) prime?
False
Let x(k) = k**3 + 9*k**2 + 8*k + 9. Is x(-7) prime?
False
Suppose 125 + 1087 = 3*f. Let q = -272 + f. Suppose 2*y - q = -2*y. Is y prime?
False
Suppose 5*x + 9 + 6 = -2*s, -4*x - 12 = -5*s. Suppose s = -2*r - r + 555. Is r a composite number?
True
Is 11/(495/704772) - (-3)/(-5) prime?
True
Let w(o) = o**3 + 7*o**2 - 3*o - 4. Let s be w(-7). Let j(m) = -m**2 + 39*m + 7. Let a be j(s). Suppose -u + a = -0*u. Is u a composite number?
True
Suppose 0 = -5*m + 4 + 11. Let o(l) = 55*l - 8. Is o(m) a composite number?
False
Let x(i) = 2*i**2 + 8*i - 25. Is x(8) a composite number?
False
Let k = 1019 - -12. Is k composite?
False
Let u = -12 - -27. Let q = 12 - u. Is 15/(0 - q/2) composite?
True
Suppose -5*j + 61 + 4 = 0. Suppose j*k - 17922 - 3177 = 0. Is k a composite number?
True
Suppose -23815 = -7*m + 2*m. Is m prime?
False
Let n be 12*((-5)/2 - -3). Let y(j) = -5*j**2 + j**2 + j**3 - 4*j**2 - n*j + 8. Is y(9) composite?
True
Let t(h) = 3*h**3 + 5*h**2 + 3*h - 6. Let x = -5 + 10. Is t(x) composite?
False
Let k(j) = 43*j**2 + 31*j - 1. Is k(8) a composite number?
False
Let t(r) = 414*r**2 + r. Suppose 0 = 3*l - 7*l + 16. Suppose 8 = -4*c, 0*c = -l*k + c - 2. Is t(k) a composite number?
True
Let c be ((-20)/4 + 6)*0/1. Suppose -6*z + 498 + 7884 = c. Is z composite?
True
Suppose -f + 0*f = -5. Is f + -1 - -19*53 composite?
True
Suppose 8 = 2*n, -260872 = -24*r + 20*r - 5*n. Is r a composite number?
False
Is (-120)/(-16)*(-4)/(-10) - -120424 composite?
False
Suppose 2*c - 4*c + 222 = 0. Is c prime?
False
Suppose 5*k + 4*w = 30, 3*k - 2*w + 7 = 3. Suppose -4 = -2*n - 0. Is ((-524)/n)/((-4)/k) a prime number?
True
Let h = -14 - -14. Suppose 4*l - 3*l - 3 = h. Let g(q) = 91*q - 6. Is g(l) composite?
True
Let h be -8*(2/(-4) - (-8 - -7)). Is ((-661)/2)/(-1) + (-2)/h a prime number?
True
Let y(c) = 26*c + 51. Let v be ((6/(-4))/3)/(19/(-494)). Is y(v) prime?
True
Suppose -6*g + 1843 = -515. Suppose -j = -h - g, -521 - 638 = -3*j - 2*h. Is j a prime number?
True
Suppose -12 = -4*x - 4*b, 3*x - 2*b - 18 - 6 = 0. Suppose 2883 + 3459 = x*z. Let m = -678 + z. Is m a composite number?
False
Let y = 6470 + -3279. Is y a prime number?
True
Let z be (((-4)/(-12))/((-2)/30))/(-1). Suppose 2*s + 3*w - 1180 = -0*w, -3*s - z*w = -1771. Is s composite?
False
Is (-3 + (-24)/(-9))/(1/(-4533)) prime?
True
Suppose 2450*m = 2444*m + 129714. Is m composite?
True
Suppose -q - 2*c + 4595 = 0, 8*q + 5*c = 3*q + 22960. Let n = q + -2394. Is n prime?
False
Suppose 0 = 6*x - 5*x - 6. Let f = -768 + x. Let a = f - -1529. Is a composite?
True
Let n(u) = 8*u**2 - 2*u + 11. Let i be 11 - (-2)/(-1) - 2. Is n(i) a composite number?
False
Suppose -4*w + 11 = -1. Suppose -w*v + 407 = -a + 3*a, -5*v - 25 = 0. Is a a composite number?
False
Suppose -4*k + 2 + 10 = 0, k - 7561 = -2*s. Is s a prime number?
True
Suppose 0 = -3*i + 7*i - 4, 3*y - 220 = 2*i. Let o = -161 + 44. Let a = y - o. Is a composite?
False
Suppose n + 4*r - 1129 = 0, -3*r + 14 = -1. Let a(h) = -20*h**2 + 9*h - 1. Let u be a(-6). Let p = u + n. Is p a composite number?
True
Is -3 + (455631/(-165))/((-1)/10) prime?
True
Let u(y) = -68*y + 1075. Is u(-47) composite?
False
Let n = 291 - 204. Suppose n = -5*c + 227. Let y = -13 + c. Is y a composite number?
True
Let a(p) = -5*p + 2*p + 7 - 6*p - 1. Let m be a(-5). Let k = 130 - m. Is k prime?
True
Let x be 2955/40 + (-2)/(-16). Suppose 17310 = -68*g + x*g. Is g composite?
True
Let y = 216602 + -151891. Is y a composite number?
True
Let t = -23 - -28. Suppose -7*c = -2*c + 4*a - 1033, 0 = -t*c + 4*a + 1017. Is c composite?
True
Is (-39369)/(-18) - 8 - 2/12 a prime number?
True
Suppose 3*s - 2*s = -3*b + 737, -5*s + 4*b + 3761 = 0. Is s a composite number?
True
Is 2 + 2 + (-5 - -27*142) composite?
False
Suppose w - 3*w + 2*t - 22 = 0, -5*w - 3*t = 87. Let s(b) = -10*b + 35. Is s(w) composite?
True
Let s = 21 - 4. Let h(l) = -5 - 8*l - 2*l - 6 - l**3 + s*l**2. Is h(8) a composite number?
True
Suppose 3*q = -2*q, -w + 3*q = -5. Suppose w*b - 17 = -2. Suppose 5*c = -j + 269, 0 = b*c - 2*c - 5*j - 33. Is c composite?
False
Let r = 34850 + -20956. Is r composite?
True
Is (-151)/(0 + 3 - 4) - 2 a prime number?
True
Suppose 0 = 15*z + z - 38128. Suppose -5 = 5*f, -z - 91 = -m - 5*f. Is m a composite number?
True
Let h(j) = j**2 + 9*j + 1. Let p(x) = -13*x**2 + 3*x + 5*x + x**3 + 4*x - 11 + 0*x**3. Let m be p(12). Is h(m) a prime number?
True
Suppose 3740 + 6289 = 4*p + 5*b, -p + 2496 = -b. Is p prime?
False
Let y(s) = 193*s**2 - 41*s - 118. Is y(-4) a prime number?
False
Suppose 3*r - 5*f + 6253 = 0, 0*f + 2*f = -3*r - 6218. Let o = r + 3437. Is o composite?
False
Suppose 555950 = 42*l - 560368. Is l a prime number?
False
Let i(q) = -18*q - 1. Let g(n) = -n. Let x(h) = 3*g(h) - i(h). Is x(2) a prime number?
True
Suppose 15165 = -2*q + 52379. Is q a composite number?
True
Suppose -6 = -4*h - 5*q, -3*h + 7 = -8*h + q. Is 0/(h*(4 - 3)) + 337 composite?
False
Let l be (-1 - -4)*(-5 - -6). Suppose l*w = -4 - 2. Is 68/3*(-3)/w prime?
False
Suppose 3*p - 3612 = -p. Let f = -73 + p. Let j = -243 + f. Is j a composite number?
False
Is (-665442)/(-18)*(1 - 3)/(-2) a composite number?
True
Let x = 27 - 22. Suppose -4*o + 281 = -x*m, 4*o + 2*m - 376 = -o. Let f = o + 111. Is f a composite number?
True
Let h(v) = v**3 + 29*v**2 + 17*v - 6. Let p be h(-14). Suppose 179 = -3*s + p. Is s prime?
True
Suppose 5*q + 82 = -2*w, 2*q + 4*w + 21 = -15. Let m = q - -21. Suppose 5 = 3*l - 4, 182 = m*x - l. Is x composite?
False
Is 193/(-3)*(-4 + -53) prime?
False
Let j(s) be the second deriv